 the greatest common factor of 2352 and 15216?
48
What is the highest common divisor of 163178 and 166?
166
Calculate the highest common factor of 3 and 59221.
1
What is the greatest common divisor of 135 and 151290?
45
Calculate the highest common divisor of 16 and 423172.
4
Calculate the greatest common factor of 8256 and 5184.
192
Calculate the greatest common divisor of 55 and 16925.
5
What is the highest common divisor of 392392 and 2058?
686
What is the greatest common factor of 209 and 130537?
11
Calculate the greatest common divisor of 197964 and 306.
18
Calculate the highest common divisor of 3198321 and 63.
63
Calculate the highest common factor of 1271 and 275528.
31
Calculate the greatest common divisor of 7 and 24437.
7
Calculate the greatest common divisor of 800943 and 13.
13
What is the greatest common factor of 307825 and 1575?
175
What is the greatest common divisor of 11184306 and 21?
21
Calculate the highest common factor of 126 and 28854.
126
Calculate the highest common divisor of 19618 and 136.
34
What is the highest common divisor of 136 and 431732?
68
Calculate the greatest common factor of 52563 and 126.
21
Calculate the greatest common divisor of 162480 and 1290.
30
Calculate the greatest common divisor of 2628 and 12556.
292
Calculate the greatest common divisor of 5088 and 9222.
318
What is the greatest common divisor of 376 and 32712?
376
Calculate the greatest common divisor of 2476 and 5571.
619
Calculate the highest common divisor of 2 and 192570.
2
Calculate the greatest common factor of 69 and 12949.
23
What is the greatest common factor of 10953 and 5013?
9
What is the highest common divisor of 194 and 26541334?
194
Calculate the highest common divisor of 1167121 and 1574.
787
What is the greatest common divisor of 525048 and 13360?
1336
What is the greatest common divisor of 1047708 and 872?
436
What is the greatest common divisor of 400 and 1552?
16
Calculate the greatest common factor of 186392 and 96.
8
What is the greatest common factor of 200 and 6272?
8
What is the greatest common factor of 1659 and 63?
21
Calculate the highest common factor of 64 and 37664.
32
What is the highest common factor of 5634 and 4114698?
1878
What is the greatest common divisor of 689821 and 363?
121
Calculate the greatest common divisor of 96215 and 20.
5
What is the greatest common factor of 567 and 597996?
189
What is the highest common divisor of 10197 and 297?
99
Calculate the highest common factor of 42111 and 360.
9
Calculate the highest common factor of 1005122 and 599.
599
Calculate the greatest common divisor of 230128 and 646.
38
What is the greatest common factor of 45236 and 13932?
172
What is the greatest common factor of 23 and 167?
1
What is the highest common divisor of 85 and 39457?
17
Calculate the greatest common divisor of 12661 and 55.
11
What is the highest common divisor of 8388 and 192?
12
What is the greatest common divisor of 12684 and 1428?
84
Calculate the greatest common factor of 69 and 306429.
69
What is the highest common factor of 261 and 30607731?
261
Calculate the greatest common factor of 15480 and 16684.
172
What is the greatest common divisor of 2377313 and 127?
127
Calculate the greatest common factor of 119436 and 538.
538
What is the highest common divisor of 472732 and 52?
52
Calculate the greatest common factor of 1418 and 199229.
709
Calculate the greatest common factor of 95 and 90877.
19
What is the greatest common factor of 178600 and 114?
38
What is the highest common factor of 53450 and 200?
50
Calculate the greatest common factor of 8 and 51364.
4
What is the highest common factor of 130102 and 14?
14
What is the highest common factor of 325 and 821756?
13
Calculate the highest common factor of 1272 and 114888.
24
Calculate the highest common divisor of 476 and 1071.
119
Calculate the greatest common divisor of 521280 and 2940.
60
Calculate the greatest common divisor of 15100 and 3820.
20
What is the highest common divisor of 135 and 1360?
5
What is the highest common divisor of 852 and 28453392?
852
What is the highest common divisor of 49 and 233429?
7
Calculate the greatest common divisor of 13146 and 318.
6
Calculate the highest common divisor of 2508 and 5412.
132
Calculate the highest common divisor of 638 and 1264197.
319
What is the highest common factor of 960 and 14940?
60
What is the highest common factor of 291 and 17751?
291
Calculate the highest common factor of 141 and 41313.
141
What is the greatest common factor of 22274 and 8362?
74
Calculate the greatest common factor of 909 and 2187.
9
Calculate the highest common divisor of 216 and 383886.
54
What is the greatest common divisor of 9010 and 4930?
170
What is the highest common factor of 119108 and 44?
44
What is the greatest common factor of 21243 and 3285?
219
What is the greatest common factor of 3811 and 309?
103
What is the highest common divisor of 20578 and 12?
2
Calculate the highest common divisor of 76 and 5738.
38
Calculate the greatest common factor of 13805 and 2959.
11
Calculate the greatest common divisor of 197812 and 68.
68
What is the greatest common divisor of 180 and 12180?
60
What is the greatest common divisor of 57508 and 176?
44
Calculate the highest common factor of 183106 and 22.
22
What is the highest common factor of 1672 and 34941?
19
What is the greatest common factor of 226589 and 44?
11
Calculate the greatest common divisor of 604 and 44243.
151
Calculate the highest common factor of 404 and 327442.
202
Calculate the greatest common factor of 10 and 2602985.
5
What is the greatest common divisor of 14 and 75817?
7
What is the greatest common factor of 172112 and 403?
31
Calculate the highest common factor of 2 and 6326.
2
What is the greatest common factor of 735 and 56742?
147
Calculate the highest common divisor of 22331 and 2119.
163
Calculate the greatest common factor of 114926 and 2.
2
Calculate the highest common divisor of 14765 and 135.
5
What is the highest common divisor of 90 and 38730?
30
Calculate the highest common divisor of 9115 and 4143679.
1823
Calculate the highest common divisor of 89280 and 1085.
155
Calculate the highest common divisor of 4326952 and 56.
56
What is the greatest common divisor of 11457765 and 1185?
1185
What is the highest common factor of 162144 and 1296?
144
Calculate the greatest common factor of 7104 and 216.
24
Calculate the greatest common divisor of 13864 and 212.
4
Calculate the highest common divisor of 940 and 256.
4
Calculate the highest common divisor of 13 and 1963.
13
What is the highest common factor of 14490 and 560?
70
Calculate the highest common divisor of 831 and 277.
277
Calculate the greatest common factor of 45 and 332580.
15
Calculate the greatest common factor of 156 and 13533.
39
What is the highest common factor of 1566945 and 285?
15
What is the greatest common divisor of 128 and 22400?
128
What is the highest common factor of 1593 and 37170?
531
What is the greatest common divisor of 516 and 24576?
12
Calculate the highest common divisor of 14513 and 3841.
23
Calculate the greatest common factor of 833 and 4131.
17
What is the greatest common divisor of 46824 and 136?
8
What is the highest common divisor of 105698 and 164?
82
Calculate the highest common divisor of 84 and 35658.
42
What is the highest common divisor of 18574 and 11044?
502
What is the greatest common divisor of 1164946 and 2388?
398
Calculate the highest common factor of 3936 and 59532.
492
Calculate the highest common factor of 53038 and 115.
23
What is the greatest common divisor of 290 and 67715?
145
What is the highest common divisor of 265 and 2435?
5
What is the greatest common divisor of 111350 and 238?
34
What is the highest common factor of 32105 and 655?
5
What is the greatest common factor of 2266214 and 9081?
1009
What is the greatest common factor of 8 and 3318?
2
Calculate the greatest common factor of 295 and 83485.
295
Calculate the highest common factor of 3776 and 6848.
64
What is the highest common divisor of 5198885 and 815?
815
What is the greatest common divisor of 41437 and 11?
11
What is the highest common divisor of 465206 and 188?
94
What is the highest common divisor of 42 and 1223642?
14
Calculate the highe